the thousands digit of 7056?
7
What is the ten thousands digit of 97278?
9
What is the hundreds digit of 82159?
1
What is the hundreds digit of 1834?
8
What is the hundreds digit of 6036?
0
What is the tens digit of 8438?
3
What is the thousands digit of 1857?
1
What is the ten thousands digit of 13275?
1
What is the units digit of 48126?
6
What is the hundreds digit of 2400?
4
What is the units digit of 4250?
0
What is the hundreds digit of 9499?
4
What is the hundreds digit of 4393?
3
What is the ten thousands digit of 31486?
3
What is the units digit of 6839?
9
What is the units digit of 1142?
2
What is the hundreds digit of 5784?
7
What is the units digit of 7768?
8
What is the hundreds digit of 5801?
8
What is the tens digit of 76336?
3
What is the tens digit of 6589?
8
What is the hundreds digit of 15282?
2
What is the units digit of 1097?
7
What is the thousands digit of 1241?
1
What is the thousands digit of 28157?
8
What is the units digit of 542?
2
What is the ten thousands digit of 12395?
1
What is the thousands digit of 1218?
1
What is the ten thousands digit of 10675?
1
What is the tens digit of 385?
8
What is the hundreds digit of 901?
9
What is the tens digit of 2316?
1
What is the units digit of 805?
5
What is the hundreds digit of 14872?
8
What is the tens digit of 2831?
3
What is the thousands digit of 2841?
2
What is the hundreds digit of 388?
3
What is the units digit of 6347?
7
What is the tens digit of 72427?
2
What is the thousands digit of 60209?
0
What is the ten thousands digit of 38167?
3
What is the hundreds digit of 3370?
3
What is the thousands digit of 3175?
3
What is the units digit of 18964?
4
What is the tens digit of 1605?
0
What is the thousands digit of 7330?
7
What is the tens digit of 3487?
8
What is the units digit of 174?
4
What is the thousands digit of 137571?
7
What is the units digit of 3339?
9
What is the ten thousands digit of 28985?
2
What is the ten thousands digit of 51918?
5
What is the ten thousands digit of 33982?
3
What is the hundreds digit of 1591?
5
What is the thousands digit of 45172?
5
What is the units digit of 12252?
2
What is the tens digit of 923?
2
What is the units digit of 329?
9
What is the units digit of 16272?
2
What is the ten thousands digit of 38879?
3
What is the ten thousands digit of 68721?
6
What is the thousands digit of 11278?
1
What is the units digit of 14?
4
What is the ten thousands digit of 25279?
2
What is the hundreds digit of 3922?
9
What is the hundreds digit of 180?
1
What is the units digit of 21560?
0
What is the hundreds digit of 28519?
5
What is the thousands digit of 7204?
7
What is the ten thousands digit of 12293?
1
What is the ten thousands digit of 20601?
2
What is the hundreds digit of 26687?
6
What is the units digit of 25131?
1
What is the units digit of 2844?
4
What is the units digit of 8280?
0
What is the units digit of 3728?
8
What is the ten thousands digit of 45978?
4
What is the units digit of 282?
2
What is the ten thousands digit of 48783?
4
What is the units digit of 573?
3
What is the hundreds digit of 11389?
3
What is the units digit of 776?
6
What is the tens digit of 154?
5
What is the hundreds digit of 622?
6
What is the tens digit of 7127?
2
What is the tens digit of 345?
4
What is the units digit of 2686?
6
What is the units digit of 432?
2
What is the tens digit of 455?
5
What is the units digit of 1245?
5
What is the hundreds digit of 9122?
1
What is the thousands digit of 18180?
8
What is the units digit of 110976?
6
What is the units digit of 81687?
7
What is the thousands digit of 4190?
4
What is the hundreds digit of 895?
8
What is the tens digit of 56547?
4
What is the hundreds digit of 25369?
3
What is the ten thousands digit of 103167?
0
What is the thousands digit of 42294?
2
What is the tens digit of 37?
3
What is the ten thousands digit of 17001?
1
What is the tens digit of 7008?
0
What is the tens digit of 780?
8
What is the units digit of 37435?
5
What is the tens digit of 122?
2
What is the units digit of 725?
5
What is the hundreds digit of 2000?
0
What is the tens digit of 277?
7
What is the units digit of 3221?
1
What is the units digit of 130?
0
What is the hundreds digit of 1934?
9
What is the ten thousands digit of 66507?
6
What is the tens digit of 26092?
9
What is the tens digit of 321?
2
What is the units digit of 982?
2
What is the hundreds digit of 947?
9
What is the units digit of 316?
6
What is the tens digit of 8473?
7
What is the units digit of 10786?
6
What is the units digit of 4566?
6
What is the units digit of 165?
5
What is the hundreds digit of 21751?
7
What is the ten thousands digit of 16024?
1
What is the thousands digit of 9223?
9
What is the thousands digit of 8836?
8
What is the thousands digit of 10430?
0
What is the thousands digit of 2652?
2
What is the tens digit of 25439?
3
What is the tens digit of 6821?
2
What is the thousands digit of 8557?
8
What is the hundreds digit of 51677?
6
What is the ten thousands digit of 47262?
4
What is the hundreds digit of 23392?
3
What is the tens digit of 1049?
4
What is the tens digit of 714?
1
What is the ten thousands digit of 44586?
4
What is the hundreds digit of 17164?
1
What is the thousands digit of 135087?
5
What is the ten thousands digit of 207830?
0
What is the hundreds digit of 7207?
2
What is the thousands digit of 9046?
9
What is the tens digit of 8440?
4
What is the hundred thousands digit of 142837?
1
What is the tens digit of 7403?
0
What is the thousands digit of 17961?
7
What is the units digit of 75660?
0
What is the units digit of 6388?
8
What is the hundreds digit of 25661?
6
What is the thousands digit of 16592?
6
What is the hundreds digit of 2980?
9
What is the units digit of 3364?
4
What is the hundreds digit of 33533?
5
What is the tens digit of 1085?
8
What is the thousands digit of 4298?
4
What is the tens digit of 10606?
0
What is the units digit of 25582?
2
What is the units digit of 8282?
2
What is the units digit of 66457?
7
What is the hundreds digit of 7688?
6
What is the units digit of 15388?
8
What is the units digit of 896?
6
What is the thousands digit of 1801?
1
What is the hundreds digit of 2432?
4
What is the hundreds digit of 4547?
5
What is the hundreds digit of 3738?
7
What is the tens digit of 40717?
1
What is the units digit of 84731?
1
What is the tens digit of 3423?
2
What is the tens digit of 2011?
1
What is the ten thousands digit of 27616?
2
What is the tens digit of 94523?
2
What is the ten thousands digit of 194982?
9
What is the units digit of 1529?
9
What is the thousands digit of 8610?
8
What is the hundreds digit of 51669?
6
What is the units digit of 115962?
2
What is the hundreds digit of 10966?
9
What is the tens digit of 506?
0
What is the units digit of 2344?
4
What is the units digit of 3459?
9
What is the units digit of 1785?
5
What is the units digit of 620?
0
What is the hundreds digit of 26146?
1
What is the tens digit of 32629?
2
What is the hundreds digit of 955?
9
What is the hundreds digit of 1252?
2
What is the hundreds digit of 3160?
1
What is the units digit of 71831?
1
What is the thousands digit of 24038?
4
What is the tens digit of 696?
9
What is the tens digit of 285?
8
What is the units digit of 4575?
5
What is the tens digit of 2410?
1
What is the units digit of 48924?
4
What is the thousands digit of 2073?
2
What is the tens digit of 3122?
2
What is the hundreds digit of 1341?
3
What is the tens digit of 746?
4
What is the hundreds digit of 602?
6
What is the thousands digit of 7006?
7
What is the hundreds digit of 4152?
1
What is the tens digit of 3737?
3
What is the ten thousands digit of 98806?
9
What is the hundreds digit of 151?
1
What is the tens digit of 6576?
7
What is the tens digit of 7485?
8
What is the hundreds digit of 5203?
2
What is the hundreds digit of 162247?
2
What is the thousands digit of 3723?
3
What is the thousands digit of 5655?
5
What is the hundreds digit of 6012?
0
What is the thousands digit of 35519?
5
What is the thousands digit of 53807?
3
What is the thousands digit of 1587?
1
What is the ten thousands digit of 57974?
5
What is the hundreds digit of 6442?
4
What is the ten thousands digit of 81200?
8
What is the hundreds digit 